e
Is 99 a factor of 3624316?
False
Does 8 divide 264544?
True
Does 16 divide 722836?
False
Is 9 a factor of 226416?
False
Is 228356 a multiple of 11?
False
Is 36 a factor of 20868?
False
Is 190434 a multiple of 34?
True
Is 461018 a multiple of 353?
True
Is 69 a factor of 2132295?
False
Is 1081080 a multiple of 126?
True
Is 9610334 a multiple of 47?
False
Is 18 a factor of 13865756?
False
Is 1943 a factor of 2981514?
False
Is 61009 a multiple of 4?
False
Does 7 divide 291337?
False
Is 14 a factor of 319149?
False
Does 183 divide 189039?
True
Does 77 divide 3907680?
False
Is 133 a factor of 216991?
False
Is 166 a factor of 119520?
True
Is 30 a factor of 40072?
False
Does 819 divide 1329658?
False
Is 110 a factor of 300300?
True
Is 1708445 a multiple of 29?
False
Is 34 a factor of 100501?
False
Is 285822 a multiple of 711?
True
Is 719196 a multiple of 292?
True
Does 50 divide 294650?
True
Does 399 divide 6069651?
False
Is 18 a factor of 5179837?
False
Is 474 a factor of 7997119?
False
Does 12 divide 44316?
True
Is 2942040 a multiple of 30?
True
Is 2119313 a multiple of 52?
False
Does 7 divide 152261?
False
Is 6 a factor of 35868?
True
Is 2319536 a multiple of 464?
True
Is 100 a factor of 104216?
False
Is 1191 a factor of 499251?
False
Does 285 divide 1190160?
True
Is 14 a factor of 258104?
True
Is 7 a factor of 12628?
True
Is 880013 a multiple of 49?
False
Does 54 divide 70643?
False
Is 45 a factor of 585964?
False
Is 80 a factor of 285440?
True
Is 546 a factor of 23607?
False
Is 22 a factor of 495977?
False
Is 11199 a multiple of 5?
False
Is 11 a factor of 76565?
False
Is 16 a factor of 616494?
False
Is 32 a factor of 4251?
False
Is 23 a factor of 54878?
True
Does 540 divide 126360?
True
Does 101 divide 2899976?
False
Is 103140 a multiple of 10?
True
Does 21 divide 2841447?
True
Does 47 divide 646787?
False
Does 14 divide 243343?
False
Does 40 divide 999840?
True
Does 28 divide 270424?
True
Is 33635 a multiple of 35?
True
Does 348 divide 1578407?
False
Is 268420 a multiple of 11?
False
Is 103 a factor of 63036?
True
Is 2 a factor of 53109?
False
Is 11 a factor of 64625?
True
Does 313 divide 6973835?
False
Is 8 a factor of 197701?
False
Does 40 divide 763760?
True
Is 7332712 a multiple of 68?
True
Is 367 a factor of 275743?
False
Is 393029 a multiple of 91?
True
Does 926 divide 6624174?
False
Is 20 a factor of 55900?
True
Is 214 a factor of 161356?
True
Is 226671 a multiple of 14?
False
Is 15 a factor of 11479350?
True
Is 229 a factor of 62059?
True
Is 5 a factor of 658815?
True
Does 13 divide 400601?
False
Does 42 divide 5369291?
False
Is 252398 a multiple of 573?
False
Is 73 a factor of 42632?
True
Does 19 divide 11257069?
False
Does 58 divide 568110?
True
Is 160 a factor of 65760?
True
Does 96 divide 486673?
False
Is 12 a factor of 416388?
True
Is 9780382 a multiple of 199?
False
Does 10 divide 9413?
False
Is 36 a factor of 872928?
True
Is 829260 a multiple of 306?
True
Is 8054997 a multiple of 9?
False
Is 137 a factor of 366886?
True
Is 8121140 a multiple of 1665?
False
Is 14 a factor of 1151556?
True
Is 250759 a multiple of 6?
False
Is 30 a factor of 791930?
False
Is 4845708 a multiple of 1722?
True
Does 68 divide 24869736?
False
Is 21859794 a multiple of 162?
True
Does 383 divide 37450?
False
Is 938407 a multiple of 15?
False
Is 10 a factor of 7614408?
False
Is 677680 a multiple of 75?
False
Is 24 a factor of 2444424?
True
Is 66 a factor of 2248686?
True
Is 1252510 a multiple of 70?
True
Is 39185 a multiple of 85?
True
Does 24 divide 1825800?
True
Is 64 a factor of 1085376?
True
Does 120 divide 1962360?
True
Does 72 divide 4825706?
False
Is 3119423 a multiple of 5?
False
Is 714805 a multiple of 188?
False
Does 22 divide 894254?
False
Is 16 a factor of 3999872?
True
Does 29 divide 99631?
False
Does 34 divide 124848?
True
Is 12 a factor of 62040?
True
Is 2 a factor of 3839?
False
Does 42 divide 94489?
False
Does 4 divide 618628?
True
Does 12 divide 484624?
False
Is 45465 a multiple of 5?
True
Is 62786 a multiple of 8?
False
Is 5218706 a multiple of 701?
False
Does 6 divide 22253?
False
Does 30 divide 1393620?
True
Does 126 divide 213570?
True
Is 53 a factor of 383402?
True
Does 36 divide 8606016?
True
Does 691 divide 2677324?
False
Is 711228 a multiple of 28?
True
Is 73 a factor of 1738853?
False
Is 66 a factor of 4031?
False
Is 9749120 a multiple of 160?
True
Is 36 a factor of 1830384?
True
Is 2111194 a multiple of 7?
False
Is 819323 even?
False
Is 20 a factor of 428080?
True
Is 5071374 a multiple of 22?
True
Is 493962 a multiple of 5?
False
Does 23 divide 931431?
True
Is 571 a factor of 3474535?
True
Does 5 divide 7602225?
True
Is 515 a factor of 6958707?
False
Is 11 a factor of 27610?
True
Is 337 a factor of 111172?
False
Is 4382899 a multiple of 14?
False
Is 22762 a multiple of 426?
False
Does 9 divide 143253?
True
Is 24731652 a multiple of 66?
True
Does 37 divide 644976?
False
Does 14 divide 3049208?
False
Does 13 divide 3816826?
True
Does 4 divide 693760?
True
Is 180136 a multiple of 184?
True
Is 829 a factor of 267869?
False
Is 75166 a multiple of 118?
True
Is 160 a factor of 422400?
True
Is 28 a factor of 28334?
False
Does 15 divide 28905?
True
Does 166 divide 1799772?
True
Does 173 divide 18336013?
False
Is 13539619 a multiple of 22?
False
Is 2337583 a multiple of 163?
True
Does 3 divide 3268284?
True
Does 4 divide 808492?
True
Is 100837 a multiple of 2?
False
Is 146 a factor of 163666?
True
Is 714860 a multiple of 155?
True
Is 115506 a multiple of 27?
True
Does 544 divide 7069221?
False
Is 192 a factor of 24261?
False
Is 474 a factor of 16116?
True
Is 316638 a multiple of 21?
True
Is 22 a factor of 17666?
True
Is 234624 a multiple of 312?
True
Is 10 a factor of 3187530?
True
Is 445 a factor of 2479382?
False
Does 10 divide 61870?
True
Is 8 a factor of 2687192?
True
Is 31937 a multiple of 109?
True
Does 195 divide 3250845?
True
Is 13214426 a multiple of 47?
True
Is 4467339 a multiple of 9?
True
Is 873837 a multiple of 22?
False
Is 410250 a multiple of 5?
True
Is 30267 a multiple of 59?
True
Is 81979 a multiple of 16?
False
Does 13 divide 158067?
True
Does 833 divide 5557274?
False
Is 12 a factor of 147780?
True
Is 9 a factor of 31113?
True
Does 131 divide 2921903?
False
Is 537950 a multiple of 14?
True
Is 214914 a multiple of 21?
True
Is 37 a factor of 1259517?
True
Is 2331978 a multiple of 178?
True
Does 6 divide 45342?
True
Is 365 a factor of 167185?
False
Is 54 a factor of 305960?
False
Is 1359576 a multiple of 414?
True
Does 259 divide 3724679?
True
Is 16 a factor of 7902224?
True
Is 50609 a multiple of 13?
True
Is 200100 a multiple of 58?
True
Is 21 a factor of 314204?
False
Is 969769 a multiple of 3?
False
Does 6 divide 18446?
False
Is 6 a factor of 4566?
True
Is 7359 a multiple of 18?
False
Is 437313 a multiple of 20?
False
Does 424 divide 1309919?
False
Does 217 divide 298375?
True
Is 9983585 a multiple of 2332?
False
Is 51742 a multiple of 53?
False
Does 3 divide 334970?
False
Is 113 a factor of 129324?
False
Is 113152 a multiple of 342?
False
Is 72917 a multiple of 13?
True
Is 13 a factor of 837070?
True
Does 26 divide 16004928?
False
Does 464 divide 3045232?
True
Is 3 a factor of 571054?
False
Is 82 a factor of 16945300?
True
Is 9 a factor of 12460858?
False
Is 9208668 a multiple of 44?
False
Is 2338722 a multiple of 125?
False
Is 14 a factor of 186900?
True
Does 18 divide 257094?
True
Is 683048 a multiple of 68?
False
Is 876 a factor of 7391305?
False
Is 250541 a multiple of 29?
False
Is 1400328 a multiple of 72?
True
Is 554965 a multiple of 14?
False
Is 34 a factor of 1231752?
True
Does 17 divide 192375?
False
Does 252 divide 1512?
True
Does 2044 divide 18076396?
False
Is 7 a factor of 417480?
True
Is 1904627 a multiple of 74?
False
Is 161 a factor of 13589205?
True
Does 348 divide 265782?
False
Is 78 a factor of 205062?
True
Does 23 divide 56695?
True
Is 11 a factor of 8707?
False
Does 29 divide 30247?
True
Is 361153 a multiple of 14?
False
Is 105 a factor of 34392351?
False
Does 87 divide 744285?
True
Does 11 divide 699083?
True
Is 23 a factor of 21924?
False
Is 161 a factor of 6739621?
True
Does 12 divide 53358?
False
Is 29 a factor of 52020?
False
Is 251626 a multiple of 43?
False
Is 156066 a multiple of 111?
Tr